72*q. Calculate the greatest common divisor of q and i.
14
Suppose -3*f - 3 = -5*z + 3, -3*f + 15 = 2*z. Suppose 22*p + 5650 = 11128. Calculate the greatest common divisor of p and f.
3
Suppose 0 = 103*b - 24*b - 17541 - 18009. What is the highest common divisor of b and 3900?
150
Suppose -2 = 4*w + p, -3*w - 6 = 2*p - 2. Suppose w*i - 4*i - 5*z = -80, -3*i + 25 = -5*z. Calculate the greatest common factor of i and 30.
15
Suppose 4*y - 5*b = 2*y + 46, -5*b - 64 = -3*y. Suppose -3*m + 2*m - 43 = 2*n, 2*n + 88 = -2*m. Let f = 81 + m. What is the greatest common factor of f and y?
18
Let p(o) = -12*o**2 - 8*o**3 + 0*o**3 + 2*o + 16*o**2 + 2*o + 0*o**3. Let r be p(-2). What is the greatest common divisor of r and 504?
72
Suppose -7*z + 11*z - 12 = 0, 6*i + 2*z - 9906 = 0. What is the highest common factor of 25 and i?
25
Suppose -429*a + 434*a - 217 - 338 = 0. Let r be (-662)/(-18) + (-2)/(-9). What is the greatest common factor of a and r?
37
Let r = 265 - 270. Let n(a) = -14*a - 66. Let f be n(r). Calculate the greatest common divisor of 38 and f.
2
Let l = 3492 - 3416. Calculate the greatest common divisor of l and 665.
19
Suppose -95*m + 93*m + 959 = 3*r, -m = -4*r + 1297. Calculate the greatest common divisor of r and 475.
19
Let a be (8/40)/((-6)/(-1050)). Let i = 3 - -12. What is the highest common factor of a and i?
5
Suppose -3*w - 6 = -2*s, -s - 9 = -4*w - 12. Suppose -12*d + 19*d - 294 = w. Calculate the highest common divisor of 105 and d.
21
Let h be -1572*(-20)/((-240)/(-9)). Calculate the highest common factor of h and 72.
9
Suppose 2*j - 17 = j. Let i = 284 + -148. What is the highest common factor of j and i?
17
Let n = -455 - -188. Let s = -257 - n. What is the greatest common factor of 590 and s?
10
Let c(y) = y**2 + 5*y - 8. Let x = -33 + 27. Let g be c(x). Let o = g - -20. What is the highest common factor of 54 and o?
18
Suppose 5*t = 12*t - 14. Suppose 6*c - c = -2*k - 3, -c - t = -k. Let q(p) = 8*p + 3. Let l be q(k). Calculate the greatest common factor of l and 121.
11
Suppose 2*g - 126 = -632. Let n be (-1)/((-252)/g - 1). Calculate the greatest common factor of 11 and n.
11
Let j = -20497 + 20678. What is the highest common divisor of 52309 and j?
181
Let m be 2*((-15)/10)/((-2)/16). Let q(y) = -28*y - 60. Let l be q(-7). What is the greatest common divisor of m and l?
8
Let q = 139 + -95. Suppose -2*c - 3*p + 107 = -346, p - 5 = 0. Suppose 18*i + c - 1407 = 0. Calculate the highest common factor of i and q.
22
Suppose 152928 = 69*u + 53568. What is the highest common factor of u and 45?
45
Suppose 3*r + 634 = -2*c + 646, 90 = 4*c - 5*r. What is the greatest common factor of c and 26385?
15
Suppose -23*v + 55 = -22*v. Let i = v - 22. Calculate the greatest common factor of 6 and i.
3
Let x = -1393 - -3796. Suppose 21*b - x = 2217. Calculate the greatest common divisor of 55 and b.
55
Let o(r) = 33*r - 823. Let l be o(25). Calculate the highest common factor of 39 and l.
1
Suppose -16*o + 8*o = -48*o + 640. Calculate the greatest common divisor of 2744 and o.
8
Suppose 339995 = -99*h - 281*h + 1076055. What is the highest common factor of 52 and h?
13
Suppose 48*q - 422 = 6*q - 44. Suppose 4*g = -2 - 6. Let x be (159 + -1)/2 - g. Calculate the highest common divisor of x and q.
9
Let m = 10722 - 3114. What is the highest common factor of 48 and m?
24
Let c = -45 - -80. Suppose l = 12, -12 + 448 = 4*g - 0*l - l. What is the highest common divisor of c and g?
7
Let p(f) = -f**2 + 34*f + 7*f - 10*f**2 + 12*f**2 + 96. Let c be p(-40). What is the greatest common factor of c and 308?
28
Let z(a) = 11*a**2 + 6*a - 6. Let h(f) = f**3 + 3*f**2 + f + 6. Let y be h(-3). Let w be z(y). What is the greatest common divisor of w and 37?
37
Let q(p) = -p**3 + 57*p**2 + 109*p + 539. Let j be q(59). What is the highest common divisor of 3336 and j?
8
Let h be (-1155)/(-630) + (-14860)/(-24). Calculate the highest common factor of h and 297.
27
Let d = -1427 - -858. Let m = d + 829. Calculate the greatest common divisor of 156 and m.
52
Let b = 216 + -231. Let x be 2/b*-5*-3 - -42. Calculate the greatest common divisor of 16 and x.
8
Suppose -180*a + 11594 = 154*a - 300*a. Calculate the greatest common divisor of a and 62.
31
Let s(w) = 43*w**2 - 18*w - 40. Let z be s(-2). Let o(j) = 30*j + 3. Let u be o(2). What is the highest common divisor of z and u?
21
Let i(z) = -218*z**3 + 4*z**2 - 2*z - 18. Let q be i(-3). Calculate the highest common divisor of q and 30.
30
Let m be (18/(-10))/((-27)/45). Let h = m + 9. Let k be 81 + (7 + -4)*1. Calculate the greatest common factor of h and k.
12
Suppose 19*g - 620 = 24*g. Let q = 160 + g. Calculate the greatest common factor of 144 and q.
36
Let n(f) be the first derivative of -3*f**2/2 + 8*f - 39. Let u be n(2). Let a = -3 - -6. What is the highest common divisor of a and u?
1
Suppose 0 = 3*n - u - 50, -2*n + 3*u - 84 = -6*n. Let i = -5128 - -5182. Calculate the greatest common divisor of i and n.
18
Let w be (-111)/((-2028)/135 - -15). What is the highest common factor of 540 and w?
135
Suppose 23*z - 4686 = 6009. Let a = -424 + z. What is the highest common divisor of 205 and a?
41
Let g = -9496 - -9656. Calculate the highest common divisor of g and 115.
5
Let l = -686 + 1009. Calculate the greatest common divisor of 17 and l.
17
Let p(y) = -6*y - 22. Let b be p(-18). Suppose 2*z = 4*z - b. Let w = -32 + z. Calculate the greatest common factor of w and 77.
11
Let g be 10*32/7 - (-638)/2233. Calculate the highest common factor of g and 1909.
23
Suppose -x - 7*q + 2*q = -194, 0 = 4*x + 2*q - 794. What is the greatest common factor of 1 and x?
1
Suppose 67*m - 62*m = x - 779, 5*m = -2*x + 1543. What is the highest common factor of x and 1204?
86
Let j be (-18)/(-3)*1/3. Suppose 5*q - 10 - 14 = -r, -r + 4 = q. Let c be (j - (-206)/(-3))/(r/3). Calculate the highest common factor of c and 25.
25
Let h = 18 - 10. Let w = -237 - -277. Calculate the highest common factor of h and w.
8
Suppose f = 5*f - 14*n - 274, 2*f - 5*n = 139. What is the greatest common divisor of f and 198?
18
Let y be -10 + 41 + (4 + 4 - 19). Calculate the highest common factor of 20 and y.
20
Let h = 5045 - 4902. What is the greatest common factor of h and 528?
11
Let q(s) = -184*s - 3323. Let b be q(-28). What is the greatest common factor of b and 248?
31
Let y be (-155)/(-9) - (-2)/(-9). Let c = -1590 - -1584. Let u(d) = -d**3 + 14*d + 38. Let h be u(c). Calculate the greatest common factor of y and h.
17
Let u(z) = 26*z + 77. Let w(f) = -f + 2. Let g(a) = u(a) - 3*w(a). Let v be g(-2). What is the highest common factor of 1 and v?
1
Let g(c) = -c**3 + 42*c**2 + 235*c - 2. Let r be g(44). What is the greatest common divisor of r and 212?
106
Let g(r) = 12*r - 73. Let s be g(7). Let p be 170390/352 - 2/32. Calculate the highest common divisor of p and s.
11
Suppose 77*o = -9*o + 19053 + 16035. What is the greatest common divisor of 1122 and o?
102
Let w(a) = -a + 137. Let u be w(-25). Let l = 174 - u. What is the greatest common factor of 216 and l?
12
Suppose -10*q - 783 - 957 = 0. Let y = q - -187. What is the greatest common divisor of y and 234?
13
Suppose -4 = -3*c - 2*r + 39, -c - 5*r + 23 = 0. Suppose -134 + 38 = 3*m. Let j = 97 + m. Calculate the greatest common divisor of j and c.
13
Let g(l) = -2*l**2 + 63*l + 68. Let c be g(-1). Calculate the greatest common divisor of c and 74.
1
Let g = 84 + -35. Let z(j) = 9*j**2 + 27*j. Let m(t) = -3*t**2 - 10*t. Let u(c) = 8*m(c) + 3*z(c). Let k be u(2). What is the highest common factor of g and k?
7
Let f(c) = -3*c - 77. Let a be f(19). Let m = -132 - a. What is the highest common divisor of 32 and m?
2
Let f(w) = -w**3 + 21*w**2 - 48*w - 69. Let r be f(18). Suppose 0 = 3*g - r*g + 60876. Calculate the highest common divisor of g and 19.
19
Suppose -85*s + 2055 = -1685. What is the highest common divisor of 88 and s?
44
Suppose -48*q - 204 = -60*q. Suppose 0 = 5*j - 147 + q. Let l = 110 + -58. What is the greatest common factor of j and l?
26
Let l be (-3)/9*-252 - -6. Let d(p) = 61*p**2 - p. Let k be d(1). What is the greatest common factor of l and k?
30
Let c be 68/(-6) - (-28)/21. Let m be (25/c)/((-1)/2). Suppose -5*a = 4*u - 66, u - 49 = -m*a + 20. Calculate the